Let c(w) = 3*w**2 - 11*w + 1. Calculate c(7).
71
Let p(a) = 5*a**3 + 2*a**2 - 2. Calculate p(-1).
-5
Let b(a) = -a**2 + 4*a + 25. What is b(7)?
4
Let k(f) = -f**2 - 5*f - 20. What is k(-8)?
-44
Let h(c) = -4*c**3 - 2*c**2 + 2*c + 4. Give h(-2).
24
Let j(z) = -30*z + 56. Determine j(2).
-4
Let x(q) = -7*q**2 - 2*q + 1. Calculate x(-2).
-23
Let a(i) = -i**2 - 17*i - 67. Give a(-8).
5
Let b(m) = -m**3 + 11*m**2 - 11*m + 6. Determine b(10).
-4
Let m(j) = -4*j - 6. Calculate m(-5).
14
Let u(m) = -62*m + 555. Give u(9).
-3
Let o(k) = -3*k**2 - k. Calculate o(-1).
-2
Let k(y) = -y**3 - 9*y**2 - 17*y. What is k(-6)?
-6
Let f(h) = 2*h**2 - 15*h - 5. What is f(8)?
3
Let g(t) = -2*t + 21. Calculate g(7).
7
Let g(d) = -5*d - 2. What is g(-5)?
23
Let v(g) = 19*g - 187. Calculate v(9).
-16
Let n(l) = -6*l**2 + 3*l - 2. What is n(-3)?
-65
Let w(p) = p**3 - 3*p**2 - p + 1. Determine w(2).
-5
Let w(h) = -4*h**2 - 8*h + 1. Give w(-6).
-95
Let c(b) = 39*b + 126. Give c(-3).
9
Let g(i) = i + 4. Determine g(-3).
1
Let k(y) = -y**2 - 8*y - 15. Determine k(-6).
-3
Let n(s) = 49*s - 140. Calculate n(3).
7
Let v(s) = -s**3 + 18*s**2 + 16*s + 2. Determine v(19).
-55
Let f(p) = -p**3 - 9*p**2 - 10*p - 10. Calculate f(-8).
6
Let n(q) = q**3 - 6*q**2 + 10*q - 5. What is n(3)?
-2
Let h(p) = 13*p + 2. Determine h(11).
145
Let b(m) = m**2 - 20*m + 19. Determine b(9).
-80
Let v(b) = -38*b - 192. What is v(-5)?
-2
Let v(c) = c**2 - 7*c + 15. Calculate v(6).
9
Let w(q) = -q**2 - 9*q + 40. What is w(3)?
4
Let i(x) = 2*x - 51. Give i(0).
-51
Let b(a) = a + 2. Calculate b(-5).
-3
Let v(s) = 3*s + 18. Determine v(-8).
-6
Let s(c) = -9*c + 117. Determine s(19).
-54
Let y(x) = -x**2 + 4*x + 118. Calculate y(13).
1
Let l(z) = -19*z + 9. What is l(1)?
-10
Let z(n) = -n**3 + 11*n**2 - 10*n + 14. Determine z(10).
14
Let q(b) = -7*b + 25. What is q(9)?
-38
Let v(w) = 5*w - 3. Determine v(-3).
-18
Let x(y) = -6*y + 289. What is x(49)?
-5
Let d(f) = 2*f**2 + 34*f + 80. What is d(-15)?
20
Let k(d) = -d**3 - d + 68. Calculate k(0).
68
Let g(l) = -l**2 - 23*l + 96. Determine g(4).
-12
Let u(y) = y**2 - 7*y - 11. Calculate u(12).
49
Let i(o) = -16*o**2 + o - 1. Give i(1).
-16
Let z(d) = 3*d**3 - 3*d**2 - 4*d - 3. Give z(4).
125
Let b(x) = -x**2 - 22*x - 21. Give b(-21).
0
Let k(r) = -3*r**2 - 3*r - 2. Determine k(-1).
-2
Let l(o) = -13*o**2 - 4*o. Give l(-2).
-44
Let k(x) = x**2 + 28*x + 176. Calculate k(-19).
5
Let g(j) = -2*j**2 + 6*j - 4. Give g(1).
0
Let n(d) = -18*d + 382. Give n(21).
4
Let p(m) = m**2 + 6*m - 21. Determine p(-9).
6
Let i(h) = 7*h + 22. What is i(-11)?
-55
Let k(w) = w**3 + 10*w**2 + 4*w - 9. Give k(-10).
-49
Let q(z) = -12*z + 15. What is q(-2)?
39
Let i(z) = 2*z**3 - 14*z**2 - z + 4. Determine i(7).
-3
Let u(b) = b**3 - 11*b**2 + 11*b - 4. Calculate u(10).
6
Let c(m) = m**2 - 11*m + 8. Determine c(11).
8
Let t(o) = 25*o**3 - 4*o + 3. What is t(1)?
24
Let z(x) = -4*x**2 - 7*x - 9. Calculate z(-1).
-6
Let z(d) = -4*d - 15. Determine z(-13).
37
Let y(b) = b**3 + 16*b**2 - 19*b - 34. Determine y(-17).
0
Let h(j) = -5*j**2 + 29*j + 15. What is h(7)?
-27
Let c(t) = t**3 - 19*t**2 - 21*t + 8. Calculate c(20).
-12
Let w(r) = r**2 - r + 35. Determine w(0).
35
Let q(n) = -n**3 + 2*n**2 - n - 73. Calculate q(0).
-73
Let u(q) = q**2 + 9*q + 8. Give u(-9).
8
Let l(x) = x**3 - 5*x**2 - 5*x + 15. What is l(6)?
21
Let j(y) = -y + 7. What is j(16)?
-9
Let q(f) = -43*f**3 - f**2 - f - 1. What is q(-1)?
42
Let q(a) = a**3 - 9*a**2 + 14*a + 8. What is q(7)?
8
Let k(f) = -2*f**2. What is k(-2)?
-8
Let v(s) = -3*s + 10. Calculate v(-7).
31
Let l(s) = s**2 + s - 27. Calculate l(-5).
-7
Let h(s) = s**2 - 12*s + 10. Calculate h(9).
-17
Let c(u) = -7*u**2 + 149*u - 33. Determine c(21).
9
Let x(d) = d**2 - 12*d + 10. What is x(10)?
-10
Let y(f) = 2*f**2 + 65*f - 53. Give y(-33).
-20
Let w(b) = -b**2 + b + 11. Give w(0).
11
Let t(b) = 2*b**3 - b**2 - 6*b - 9. Determine t(4).
79
Let n(z) = z**2 - 3*z + 1. Determine n(6).
19
Let q(g) = 4*g**2 - 2*g + 5. Calculate q(2).
17
Let x(w) = -w - 20. Calculate x(-9).
-11
Let y(l) = l**2 + 18*l + 73. Determine y(-10).
-7
Let n(u) = 55*u - 6. Give n(-2).
-116
Let z(b) = b + 3. Calculate z(-4).
-1
Let c(k) = -67*k + 233. What is c(4)?
-35
Let r(t) = -t**3 + 24*t**2 - 46*t + 30. Give r(22).
-14
Let n(i) = -i**2 + 8*i - 10. Determine n(6).
2
Let a(i) = -i**3 + 3*i**2 + i + 1. Give a(3).
4
Let w(q) = -5*q - 14. Give w(13).
-79
Let h(w) = -w**3 - 4*w**2 + 5*w + 6. What is h(-5)?
6
Let h(v) = -v**3 + 24*v**2 + 50*v + 38. Calculate h(26).
-14
Let t(r) = -5*r + 4. Determine t(9).
-41
Let g(x) = -2*x - 33. Calculate g(-10).
-13
Let z(y) = -y**3 - 16*y**2 + y. Give z(-16).
-16
Let g(m) = -2*m**2 - 16*m - 80. Determine g(-7).
-66
Let j(t) = -t**3 - 8*t**2 - 7*t - 6. Determine j(-8).
50
Let o(z) = 3*z + 3. What is o(3)?
12
Let p(t) = -t**3 - 3*t**2 + t + 9. Calculate p(-4).
21
Let b(k) = 4*k + 10. Give b(-9).
-26
Let r(w) = -4*w**2 - 22*w - 2. Determine r(-5).
8
Let j(d) = -8*d + 13. Calculate j(-6).
61
Let f(t) = t**2 - 22*t - 86. Give f(-4).
18
Let i(a) = a**3 + 4*a**2 + 16*a + 39. What is i(-3)?
0
Let r(t) = 7*t - 36. Give r(5).
-1
Let s(p) = -2*p + 3. Calculate s(8).
-13
Let w(n) = 8*n**3 + 1. What is w(1)?
9
Let x(n) = n**3 + 7*n**2 + 7*n - 3. Give x(-6).
-9
Let o(v) = v**2 - 6*v - 25. Give o(9).
2
Let f(m) = -60*m**3 + 2*m + 1. Give f(-1).
59
Let o(l) = l**2 + 6*l - 26. Give o(6).
46
Let g(v) = v**3 - 32*v**2 + v - 25. What is g(32)?
7
Let a(z) = -z**2 - 15*z + 35. Determine a(-20).
-65
Let d(a) = -a**3 + 22*a**2 - 20*a - 24. Determine d(21).
-3
Let a(t) = t**3 + 27*t**2 - 28*t + 22. Give a(-28).
22
Let o(m) = m**3 + 15*m**2 + 41*m - 25. Determine o(-11).
8
Let k(o) = 10*o - 2. Give k(-2).
-22
Let n(j) = -4*j**2 - 21*j + 12. What is n(-7)?
-37
Let d(r) = 144*r + 5. What is d(-1)?
-139
Let x(w) = w**3 - 7*w**2 + w - 4. Determine x(7).
3
Let t(b) = b**3 + 7*b**2 + 9*b + 3. Give t(-6).
-15
Let z(v) = v**2 - 27*v + 3. Determine z(27).
3
Let k(a) = -2*a + 3. Give k(16).
-29
Let c(h) = -h + 1. What is c(0)?
1
Let n(y) = 2*y**3 - 16*y**2 + 29*y - 9. Calculate n(6).
21
Let w(p) = p**3 - 7*p**2 - 9*p - 8. Give w(8).
-16
Let y(f) = f**3 + 6*f**2 + 4*f - 3. Give y(-4).
13
Let v(r) = 15*r - 117. Calculate v(8).
3
Let v(r) = 21*r + 8. Determine v(7).
155
Let j(s) = -s**3 + 4*s**2 + 75*s + 26. What is j(11)?
4
Let g(a) = -21*a**3 - a**2. Calculate g(-1).
20
Let q(a) = -2*a - 5. Determine q(6).
-17
Let l(v) = 39*v - 504. Determine l(13).
3
Let d(h) = -h**2 + 17*h - 7. Determine d(17).
-7
Let h(d) = -5*d + 193. Determine h(37).
8
Let r(v) = 7*v + 20. Calculate r(-5).
-15
Let o(p) = -p**3 + 16*p**2 + 18*p - 19. What is o(17)?
-2
Let q(t) = -t**2 - 2*t + 13. What is q(-12)?
-107
Let l(v) = v**3 + 9*v**2 + 8*v - 7. Calculate l(-8).
-7
Let u(z) = z**3 + z**2 + 4*z - 1. Give u(3).
47
Let x(t) = t**2 - 13*t - 7. What is x(12)?
-19
Let t(d) = -2*d**3 + 46*d**2 + 49*d - 51. What is t(24)?
-27
Let b(f) = 2*f**2 - 10*f - 30. What is b(7)?
-2
Let j(q) = q**2 - 3*q + 11. Calculate j(0).
11
Let d(n) = 3*n**2 - 35*n + 32. Calculate d(10).
-18
Let y(j) = -9*j - 2. Give y(-1).
7
Let g(u) = -9*u + 157. What is g(17)?
4
Let o(s) = -s**2 - 18*s - 77. What is o(-7)?
0
Let n(u) = -10*u - 7. What is n(2)?
-27
Let c(q) = -6*q + 108. Determine c(17).
6
Let r(w) = -w + 37. Determine r(32).
5
Let w(d) = -d**2 + 9*d + 14. Determine w(10).
4
Let c(g) = 2*g**2 - 18*g - 23. Calculate c(11).
21
Let j(p) = p**3 - 2*p**2 - 30. Calculate j(0).
-30
Let r(b) = b**3 + 7*b**2 + 2*b + 3. Calculate r(-7).
-11
Let s(f) = f**3 + 6*f**2 + 2*f + 3. Give s(-6).
-9
Let t(f) = f**2 + 6*f - 1. Determine t(-6).
-1
Let n(z) = -26*z - 361. Give n(-14).
3
Let h(c) = -c**3 + 27*c**2 + 239*c - 35. Determine h(34).
-1
Let t(u) = 2*u + 15. Give t(-9).
-3
Let k(h) = -4*h**3 + 27*h**2 + 7*h - 10. Calculate k(7).
-10
Let u(o) = o - 22. Determine u(24).
2
Let b(v) = -60*v + 479. What is b(8)?
-1
Let n(d) = -d**2 + d - 1. What is n(-4)?
-21
Let q(l) = 17*l + 1. Give q(-2).
-33
Let m(q) = q**3 - 3*q**2 - q - 1. Calculate m(4).
11
Let v(l) = -l**3 - l**2 + 4*l - 4. Give v(2).
-8
Let p(b) = b**3 + 4*b**2 - 8*b. Determine p(-5).
15
Let w(j) = j**3 - 7*j**2 + 4*j + 4. Determine w(6).
-8
Let z(l) = l**2 - 35*l + 86. Calculate z(32).
-10
Let h(